st common divisor of i and 10.
10
Let m(i) = i**2 - 8*i + 9. Let t be m(7). Suppose 1 = -n - 4, -82 = -t*j - 4*n. Calculate the greatest common divisor of j and 34.
17
Suppose 3*r = 4*z + 16 - 127, 0 = -2*z + 2*r + 54. Suppose 2*o + z = b, -2*o + o = -b + 33. Let g = -256 - -280. What is the greatest common divisor of b and g?
12
Suppose -2*y + 2*o = -2, 2*y + 0*o - 1 = o. Suppose -2*j = -h + 14 - y, -2*h - 3*j = -63. Suppose -2*q + 108 = q. What is the highest common divisor of h and q?
12
Let p = 3 + -1. Let o be p*((-6)/(-3) - 0). Calculate the highest common divisor of 10 and o.
2
Suppose -278 = -2*f - 0*f. Suppose -4*y = -5*g - f, 39 = 3*y - 2*y + 3*g. Suppose -l - 31 = -4*t + 4*l, 0 = l + 3. What is the highest common factor of y and t?
4
Let d = 23 + -17. Calculate the greatest common factor of 66 and d.
6
Suppose 10 = n - 46. Suppose 4*v + 2*f - n = 0, 3*f + 55 = 3*v - 2*f. What is the greatest common factor of 45 and v?
15
Let h = 6 - 3. Suppose -5*z + 39 = h*t, 2*z + 4*t - 23 = 1. What is the highest common divisor of 15 and z?
3
Let t = 30 - 24. What is the highest common factor of 54 and t?
6
Let u = 7 - -5. Let m(q) = 49*q**2 + 4*q + 3. Let n be m(-1). What is the highest common factor of u and n?
12
Let n(m) = 34*m - 6. Let f = 2 - -10. Suppose f + 6 = 3*p. Let r be n(p). What is the highest common factor of r and 18?
18
Let t be 3*1*(-2 + 1). Let h(j) = -j**3 + 4*j**2 + 7*j - 5. Let x be h(5). Let l = x + t. What is the highest common factor of 18 and l?
2
Let a be 0 + 0/(-1) + 9. What is the highest common factor of a and 12?
3
Suppose f = -3*l + 10, 3*l + 9 = 5*f - 23. Suppose -4*o + 90 = -106. Calculate the highest common divisor of f and o.
7
Suppose 0 = u - 0*u - 6. Calculate the highest common factor of 6 and u.
6
Suppose -7 = -5*p + 63. Suppose 336 = 11*v - 5*v. What is the greatest common divisor of p and v?
14
Let u(s) = -s**2 - 5*s + 8. Let w be u(-8). Let m be (2 - 0)/((-2)/w). What is the highest common factor of 24 and m?
8
Suppose 0 = 5*z - 2*y - 211, 4*z + 2*y - 93 = 83. Let i(r) = -r**3 + 2. Let f be i(3). Let h = f + z. What is the greatest common factor of 6 and h?
6
Let n(c) = 2*c - 3. Let d be n(6). Let k = 88 + -7. Calculate the greatest common divisor of k and d.
9
Let l(g) = -3*g + 14. Let q be l(-10). Let z = q - 10. What is the highest common divisor of 51 and z?
17
Suppose 3*u + 8 - 50 = 0. Let o be -2 - -2 - (1 + -155). What is the highest common factor of o and u?
14
Let f(i) = 304*i**2 + 8*i - 8. Let j be f(1). What is the highest common factor of 19 and j?
19
Let t(n) = n + 2. Suppose m - 7 = 3*g, -g - 3 - 2 = m. Let d be t(m). Let s = d - -3. Calculate the greatest common factor of s and 2.
1
Let l = -23 + 32. Calculate the greatest common factor of l and 36.
9
Let m(a) be the second derivative of a**3/6 + a**2/2 - 9*a. Let l be m(3). What is the greatest common factor of l and 44?
4
Let p(h) = h**3 - 8*h**2 - h + 10. Let j be p(8). Suppose -i = -j*m - 26, 2*i - 12 - 20 = -m. Calculate the greatest common factor of i and 18.
18
Suppose 80 = 4*r + 12. Suppose 0 = -2*s + 3*s - r. What is the greatest common divisor of 17 and s?
17
Suppose -v = 4*v - 100. Calculate the highest common factor of v and 8.
4
Let k = -4 - -6. Let d(a) = 116*a + 2. Let b be d(k). Calculate the highest common divisor of 26 and b.
26
Let r be 3 + 2 + 43 + 0. Let g be (90/20)/(2/r). What is the highest common factor of 12 and g?
12
Let q(a) = -a - 18. Let y be q(-8). Let t = y + 18. What is the greatest common factor of t and 72?
8
Let g be (-4)/14 + 27/21. Let r be (0 + 1)*g*1. Let o be -1 - 1 - (-3 + -2). What is the greatest common divisor of o and r?
1
Suppose -1 - 1 = -d. Let u be (d/4)/((-1)/28). Let l be (u - -2)/(6/(-4)). Calculate the highest common divisor of 1 and l.
1
Suppose 0 = 2*n + 3*n + 2*k - 58, -4*n + k + 49 = 0. Suppose 3*z + p - 41 = 6*p, 0 = 5*z - 2*p - 62. What is the greatest common factor of z and n?
12
Suppose t = -5*k + 5*t + 108, -9 = -3*t. What is the greatest common factor of k and 60?
12
Let g = 1 + 2. Suppose -s = g*p, 2*s + 5 = -2*p + 1. Calculate the highest common factor of p and 1.
1
Let b = 127 - 115. Let k(s) = -s. Let g be k(1). Let w be 1/(g/(1 - 97)). What is the highest common factor of b and w?
12
Suppose -2*r + 7*r - 4*v - 150 = 0, -3*v - 120 = -4*r. Calculate the highest common divisor of 180 and r.
30
Suppose -l + 3 = 2. Let n be ((-4)/(-12))/((-1)/(-3)). Let z = n - -1. Calculate the greatest common factor of z and l.
1
Suppose -8 = -3*o + 5*o. Let v = o + -10. Let a be (-1698)/v + 16/(-56). Calculate the greatest common factor of 11 and a.
11
Let b = -23 + 25. Calculate the greatest common factor of 3 and b.
1
Let r(a) = a**3 + 7*a**2 - 12*a - 8. Let k be r(-8). Calculate the highest common divisor of k and 48.
24
Suppose -7 = -p - h - 4, -3*p = -5*h + 7. Let f be (5 - -1) + (-1)/p. Let y be f/((-15)/(-18)) - -2. What is the highest common divisor of 12 and y?
4
Suppose 3*k + 5*b = -k + 11, -3*b = k - 1. Calculate the highest common factor of 2 and k.
2
Let z = -25 - -29. Calculate the highest common factor of 32 and z.
4
Suppose 5*f - 43 = -13. Let q(v) = v**3 - v**2 - v + 12. Let r be q(0). Calculate the highest common divisor of f and r.
6
Let n = -12 - -16. Let m be n*6 + 2 + -2. Calculate the highest common factor of 192 and m.
24
Suppose -5*y - 13 + 71 = i, -i - 19 = -2*y. Suppose -4*u = -4*j + 56, -5 = -4*j + 3*j - 2*u. What is the greatest common divisor of y and j?
11
Suppose 152 + 658 = 5*i. What is the highest common factor of 18 and i?
18
Let o(n) = -n**3 + 11*n**2 - n + 13. Let k be o(11). Suppose 4*a = k*a - 4. Let b be (-21)/a*(-4)/(-3). What is the greatest common divisor of b and 2?
2
Let t be 8/(-4)*15*2/(-12). Let u = 70 - 30. What is the highest common factor of u and t?
5
Let a be ((-6)/(-21))/1 + 3072/28. Calculate the highest common divisor of 10 and a.
10
Let q(c) = -c - 6. Let j = -15 - -7. Let s be q(j). Let o be s/(-4) - 92/(-8). Calculate the greatest common divisor of o and 77.
11
Suppose 0 = 4*u - 3*m - 120, 4*m = -5*u - m + 150. Calculate the greatest common factor of u and 10.
10
Suppose 13*q = 8*q + 5. What is the greatest common divisor of q and 3?
1
Suppose -z + 0*z = -9. Let k(y) = -y**3 - 5*y**2 - 4*y + 7. Let f be k(-5). What is the greatest common divisor of f and z?
9
Let n = 2 + 1. Let k = -7 - -10. Suppose 0*g + k*g = -2*b + 11, n*g - 9 = 0. What is the greatest common factor of b and 8?
1
Let b be 8/(-3)*(-3)/(-1)*-1. What is the greatest common divisor of 12 and b?
4
Let d(o) = 2*o**3 - o - 1. Let a be d(-2). Let x be 1 + 48 + 0 + 1. Let m = a + x. Calculate the greatest common factor of 14 and m.
7
Suppose 3*q - 5*i - 39 = 0, 0*q - 2*q + 4*i = -26. Let n be 3 - (3/(-3) - q). Calculate the greatest common factor of 51 and n.
17
Let g be (4 - 2) + (-1 - -99). Suppose 0 = 6*w - 4*w + 5*l - 80, -4*w = -5*l - g. Calculate the greatest common factor of w and 75.
15
Suppose 23 + 2 = 5*i. What is the highest common divisor of 45 and i?
5
Let b(h) = 3*h**2 + 3*h. Let s be b(-3). Let y = -36 + 25. Let r = s + y. Calculate the highest common divisor of 35 and r.
7
Let w = -53 - -73. What is the highest common divisor of 5 and w?
5
Let c = -68 - -44. Let x = -13 - c. Suppose 4*z + 152 = u + 3*u, 3*u - 84 = -3*z. What is the highest common divisor of x and u?
11
Suppose 0 = -p + 2*z + 14, 2*p + 5*z - 2 = -1. Suppose p + 7 = 3*q. Calculate the highest common divisor of q and 45.
5
Let b(d) be the first derivative of d**4/4 + 8*d**3/3 + 7*d**2/2 - 6*d - 1. Let j be b(-6). What is the highest common divisor of j and 16?
8
Suppose 5*s - 3*j = -40, 3*j = -2*s + j - 16. Let x be (-2)/(-8) + (-86)/s. What is the highest common divisor of 88 and x?
11
Let l(i) = -5*i + 49. Let v be l(-7). Calculate the greatest common divisor of v and 24.
12
Let t(d) = 5*d**2 + d - 1. Let m be t(1). Suppose 100 = m*i - 80. Calculate the greatest common divisor of 12 and i.
12
Let c be -1*4/4 + 15. Calculate the greatest common factor of c and 14.
14
Suppose 2*q = -3*q + 240. Let c = -10 - -18. Let w(d) = -d**3 + 9*d**2 - 8*d + 12. Let l be w(c). Calculate the greatest common factor of l and q.
12
Let x be 4 - (-3 + -12 + 2). What is the greatest common factor of 272 a